27
What are the prime factors of 335151617?
17, 19714801
What are the prime factors of 627982549?
101, 6217649
List the prime factors of 49364879.
977, 50527
List the prime factors of 1576724550.
2, 3, 5, 2011, 5227
List the prime factors of 99339295.
5, 11, 71, 25439
What are the prime factors of 4544006136?
2, 3, 137, 1381997
What are the prime factors of 34571811?
3, 19, 61, 163
List the prime factors of 114164031.
3, 38054677
What are the prime factors of 560762876?
2, 3511, 39929
List the prime factors of 721268932.
2, 180317233
List the prime factors of 1126619121.
3, 17, 587, 37633
List the prime factors of 31736366.
2, 23, 689921
List the prime factors of 912638975.
5, 36505559
List the prime factors of 8740653.
3, 43, 67757
What are the prime factors of 264614588?
2, 7, 17, 569, 977
What are the prime factors of 2859991590?
2, 3, 5, 37, 83, 839
List the prime factors of 422872717.
422872717
What are the prime factors of 905057984?
2, 29, 337, 1447
What are the prime factors of 247504352?
2, 113, 68447
List the prime factors of 42178082.
2, 47, 448703
List the prime factors of 1310780030.
2, 5, 7, 18725429
List the prime factors of 36212998.
2, 18106499
List the prime factors of 4219418591.
673, 1567, 4001
What are the prime factors of 3003957863?
3003957863
List the prime factors of 1204061552.
2, 5711, 13177
List the prime factors of 30745296.
2, 3, 23, 9283
What are the prime factors of 22813373?
11, 53, 109, 359
What are the prime factors of 2303864356?
2, 16339, 35251
What are the prime factors of 1509976703?
17, 23, 421, 9173
What are the prime factors of 3021713173?
3021713173
What are the prime factors of 23519986?
2, 7, 19, 29, 3049
What are the prime factors of 2837851105?
5, 139, 4083239
List the prime factors of 40669208.
2, 109, 46639
What are the prime factors of 322781715?
3, 5, 7172927
What are the prime factors of 123999746?
2, 13, 2039, 2339
List the prime factors of 66059056.
2, 7, 12037
List the prime factors of 284210243.
73, 3893291
List the prime factors of 1249905313.
1823, 685631
What are the prime factors of 848965429?
13, 19, 3437107
What are the prime factors of 196276416?
2, 3, 7, 37, 3947
What are the prime factors of 239956864?
2, 7, 31, 53, 163
What are the prime factors of 606767710?
2, 5, 4231, 14341
List the prime factors of 587475477.
3, 17, 1093, 1171
List the prime factors of 482342303.
19, 25386437
What are the prime factors of 10105845?
3, 5, 31, 103, 211
List the prime factors of 45169666.
2, 31, 241, 3023
What are the prime factors of 199927045?
5, 39985409
What are the prime factors of 2302175437?
269, 8558273
List the prime factors of 29919484.
2, 7, 271, 3943
What are the prime factors of 80664522?
2, 3, 13444087
What are the prime factors of 4018444712?
2, 181, 1039, 2671
What are the prime factors of 18154498?
2, 23, 563, 701
List the prime factors of 3208434209.
593, 5410513
List the prime factors of 3562305472.
2, 11, 223, 22691
List the prime factors of 154026179.
19, 107, 239, 317
What are the prime factors of 319708595?
5, 977, 65447
What are the prime factors of 201225633?
3, 7, 101, 94873
What are the prime factors of 472192808?
2, 59024101
What are the prime factors of 87474295?
5, 29, 103, 5857
List the prime factors of 755426639.
11, 68675149
List the prime factors of 55153119.
3, 7, 733, 3583
List the prime factors of 107917950.
2, 3, 5, 7, 79, 1301
List the prime factors of 30047490.
2, 3, 5, 11, 67, 151
List the prime factors of 78332716.
2, 7, 11, 197, 1291
List the prime factors of 839957867.
7, 283, 424007
What are the prime factors of 157508473?
157508473
What are the prime factors of 438191720?
2, 5, 227, 48259
What are the prime factors of 29554425?
3, 5, 23, 5711
List the prime factors of 8196575.
5, 59, 5557
What are the prime factors of 1635192161?
1635192161
List the prime factors of 345341676.
2, 3, 131, 219683
What are the prime factors of 83790969?
3, 19, 113, 13009
What are the prime factors of 81245039?
23, 3532393
What are the prime factors of 68800195?
5, 59, 233221
List the prime factors of 825829737.
3, 19, 762539
List the prime factors of 352239429.
3, 117413143
List the prime factors of 125093508.
2, 3, 47, 221797
What are the prime factors of 174049977?
3, 47, 199, 6203
List the prime factors of 5484669033.
3, 23, 2081, 38197
What are the prime factors of 5847867097?
5847867097
What are the prime factors of 139361380?
2, 5, 53, 73, 1801
What are the prime factors of 7894915?
5, 7, 225569
List the prime factors of 2222026317.
3, 7, 59, 199267
List the prime factors of 5265209706.
2, 3, 17, 51619703
List the prime factors of 334399395.
3, 5, 11, 2026663
List the prime factors of 136341691.
43, 3170737
List the prime factors of 108500838.
2, 3, 18083473
List the prime factors of 821710902.
2, 3, 173, 791629
What are the prime factors of 30077140?
2, 5, 149, 10093
What are the prime factors of 48545915?
5, 11, 882653
List the prime factors of 21052358.
2, 17, 619187
What are the prime factors of 387746958?
2, 3, 64624493
List the prime factors of 399867438.
2, 3, 17, 3920269
List the prime factors of 67796933.
67796933
What are the prime factors of 146249940?
2, 3, 5, 31, 61, 1289
What are the prime factors of 594392122?
2, 297196061
List the prime factors of 595256092.
2, 19, 7832317
List the prime factors of 34889924.
2, 1061, 8221
What are the prime factors of 29916821?
11, 17, 157, 1019
What are the prime factors of 666357682?
2, 59, 577, 9787
List the prime factors of 50826247.
3163, 16069
What are the prime factors of 725070278?
2, 37, 61, 160627
What are the prime factors of 93144249?
3, 11, 107, 977
List the prime factors of 75609438.
2, 3, 17, 29, 25561
List the prime factors of 431148783.
3, 13, 743, 14879
List the prime factors of 72995355.
3, 5, 997, 1627
List the prime factors of 52408880.
2, 5, 655111
What are the prime factors of 224727140?
2, 5, 11, 1021487
List the prime factors of 1418723187.
3, 7, 67558247
What are the prime factors of 232562447?
13, 43, 97, 4289
What are the prime factors of 161460261?
3, 593, 30253
List the prime factors of 1214851233.
3, 404950411
List the prime factors of 200594736.
2, 3, 1393019
List the prime factors of 38229885.
3, 5, 653, 1301
List the prime factors of 3068835560.
2, 5, 7, 97, 103, 1097
List the prime factors of 40276260.
2, 3, 5, 223757
List the prime factors of 1950724816.
2, 179, 541, 1259
List the prime factors of 306115622.
2, 4177, 36643
List the prime factors of 490899188.
2, 13, 101, 151, 619
What are the prime factors of 944611637?
944611637
List the prime factors of 538484461.
79, 523, 13033
What are the prime factors of 2425650219?
3, 17, 19, 23, 29, 139
What are the prime factors of 93338176?
2, 1458409
List the prime factors of 17093013.
3, 7, 116279
What are the prime factors of 45404299?
45404299
What are the prime factors of 373968181?
373968181
List the prime factors of 5597069678.
2, 3457, 809527
What are the prime factors of 75418148?
2, 13, 67, 21647
List the prime factors of 76013210.
2, 5, 7, 13, 11933
List the prime factors of 1300327633.
11, 499, 236897
List the prime factors of 40931369.
40931369
What are the prime factors of 53620853?
11, 13, 569, 659
What are the prime factors of 318413435?
5, 63682687
List the prime factors of 46013708.
2, 13, 23, 79, 487
What are the prime factors of 99652284?
2, 3, 23, 61, 1973
List the prime factors of 386912298.
2, 3, 64485383
List the prime factors of 32471961.
3, 10823987
List the prime factors of 35863648.
2, 1120739
List the prime factors of 64683833.
29, 76913
List the prime factors of 11913272.
2, 7, 30391
List the prime factors of 2230422.
2, 3, 371737
List the prime factors of 34173582.
2, 3, 41, 138917
What are the prime factors of 9753379?
103, 94693
List the prime factors of 3968388.
2, 3, 110233
List the prime factors of 123544410.
2, 3, 5, 11, 317, 1181
List the prime factors of 27936771.
3, 223, 41759
List the prime factors of 5382437.
23, 31, 7549
List the prime factors of 2269358884.
2, 13, 43, 73, 13903
What are the prime factors of 3916678652?
2, 979169663
List the prime factors of 28598034.
2, 3, 277, 17207
What are the prime factors of 509028200?
2, 5, 2545141
List the prime factors of 38256888.
2, 3, 1594037
